 Calculate the highest common factor of 3 and f.
3
Let c be (-2)/6 - (-626)/6. Let f = 6 - -4. Let x = f + 3. What is the highest common factor of c and x?
13
Let n(p) = 2*p**2 - 3*p - 4. Let d be n(-2). Suppose w - 4*l - 3 = 2, -2*w = -2*l - d. Suppose 3*c = -3 + 18. What is the greatest common divisor of w and c?
5
Let d be (-3)/15 + (-11034)/(-45). What is the greatest common divisor of 294 and d?
49
Let x(s) = -s + 4. Let g be x(-4). Let q be -12*(588/g)/(-3). Suppose 0 = f - 8*f + q. What is the highest common factor of 14 and f?
14
Suppose -382 + 226 = -3*l. Suppose 5*y - 2*u - 89 = 37, -3*u + 6 = 0. What is the highest common factor of l and y?
26
Suppose 3*n = -2*n + 140. Let f(g) = -g + 6. Let t be f(2). Suppose -t*c + 9*c = 210. Calculate the highest common divisor of n and c.
14
Let s(l) = 21*l - 121. Let a be s(6). Suppose 100 = v + 3*v. Calculate the greatest common factor of a and v.
5
Let h = -5 - -7. Let n(g) = -3 - 17*g + 9*g + h*g. Let t be n(-2). Calculate the highest common divisor of t and 9.
9
Let n(s) = 4*s - 15. Let f be n(34). What is the greatest common factor of f and 11?
11
Let i = 56 - 24. Let o be 11/(-44) - 897/(-4). What is the highest common divisor of i and o?
32
Let z(f) = 130*f - 230. Let p be z(2). Suppose 7*b - 2*b = -h + 65, -2*b - 190 = -5*h. Calculate the greatest common factor of p and h.
10
Let j = 474 - 334. Calculate the highest common divisor of j and 56.
28
Suppose 394 = 5*q - 2*r, 2*q - 6*q = 2*r - 326. Suppose -32 - q = -8*z. Calculate the greatest common factor of z and 70.
14
Let l(a) = -a**2 + 4*a - 3. Let m be l(2). Let n be 16/(m/(-2)*-2). Let t be (-15)/(-2)*n/10. What is the greatest common factor of 108 and t?
12
Let z be (-4 + 3)*(-2 + 5). Let u be (z + 2 - 0)*-3. Suppose 37 = 5*r - 2*k - 396, -u*k = r - 73. What is the greatest common factor of r and 34?
17
Let q be 15/(-3) - -4*69/6. Let a be (451/3)/(1/3). What is the greatest common factor of a and q?
41
Suppose 57 - 93 = -12*u. What is the greatest common factor of 15 and u?
3
Let y(k) = -k**2 - 7*k + 3. Let h be y(-6). Let x = 28 + 8. Calculate the greatest common factor of x and h.
9
Suppose 10*j - 5 - 75 = 0. Suppose 10*t - 68 = j*t. Calculate the highest common factor of 85 and t.
17
Suppose -27*w + 30*w + 972 = 0. Let k = w + 456. Calculate the greatest common factor of 33 and k.
33
Suppose m = 3*m - 208. Let s = -386 - -399. What is the greatest common factor of s and m?
13
Let a(b) = b**3 - 32*b**2 - 31*b - 22. Let l be a(33). Calculate the highest common factor of 66 and l.
22
Let i(b) = 236*b - 231. Let v be i(1). Calculate the highest common divisor of 355 and v.
5
Let j(g) = -g + 11. Let y(k) = -k + 10. Let a(v) = 5*j(v) - 6*y(v). Let t be a(21). Calculate the greatest common factor of t and 4.
4
Let w(d) = 26*d**2 - 4*d + 4. Let b be w(-3). Calculate the greatest common factor of b and 100.
50
Let l(r) = -7*r + 9. Let a be l(1). Let x = 17 - 3. Let b be 1/1*(x + 0). Calculate the greatest common factor of a and b.
2
Let w be 6/(-33) - 156/(-132). What is the greatest common divisor of 9 and w?
1
Let o = 2421 - 2409. What is the greatest common divisor of 1032 and o?
12
Suppose -17 = -4*t - 117. Let c be (-1)/((-2)/t)*4/(-5). What is the highest common divisor of c and 2?
2
Let i(f) = -6*f - 4. Let d be i(-5). Suppose 5*l + 0*l - 3*w - 1043 = 0, -5*l = -4*w - 1044. Calculate the greatest common divisor of d and l.
26
Let u be 130*(36/(-120))/(3/(-16)). Let f = -24 + 50. Calculate the highest common factor of u and f.
26
Let x(v) = -20*v + 119. Let j be x(-10). Suppose 3*k - 29 = 2*k. What is the highest common factor of k and j?
29
Suppose -z - 4*z = 15. Let l be -2 + (3 - (z - -102)). Let h = l - -170. What is the greatest common factor of h and 9?
9
Suppose 4*o = 3*o. Suppose 2*j - 143 - 1 = o. What is the greatest common factor of 9 and j?
9
Let b(v) = 10*v - 1. Let s be b(2). Suppose -4*r + q = 228, -4*r + 5*q = q + 228. Let f be (r/(-2))/(4/8). Calculate the highest common factor of s and f.
19
Suppose -5*h = -10*h + 220. Let w(y) = 6*y - 2*y**3 - 5 + 6 - 2 + 7. Let v be w(-4). Calculate the highest common divisor of h and v.
22
Let z = 1732 - 1597. Calculate the greatest common divisor of 360 and z.
45
Let f = -63 + 126. Let a be 2/9 - (-616)/f. Calculate the highest common divisor of a and 15.
5
Let z(o) = o**2 - 23*o + 142. Let p be z(10). What is the greatest common divisor of p and 1212?
12
Suppose 2*w - 72 = 4*k, 4*w + 5*k = 40 + 39. Calculate the greatest common divisor of 416 and w.
26
Let p = 51 + 102. What is the greatest common divisor of p and 72?
9
Suppose 132 = 148*i - 146*i. Calculate the highest common divisor of 12 and i.
6
Suppose 3*w = -435 + 543. Calculate the greatest common factor of 312 and w.
12
Let t = -35 + 43. Suppose -2*w + 19 = g, -t*g + 95 = -3*g - w. What is the highest common divisor of 76 and g?
19
Suppose 5*s + 6 = -3*n - 16, 2*n + 12 = -2*s. Let w be 2 + -1 + (s - -320). Calculate the highest common factor of 29 and w.
29
Suppose 11*n - 3*n - 120 = 0. Suppose -u - m = -5, 0 = -u + 2*m - 5*m + n. Suppose u = 2*y - 10 - 10. Calculate the highest common divisor of 110 and y.
10
Suppose -2*d - d + 246 = 0. Let x be 6/(-15) + d/5. Calculate the highest common factor of x and 128.
16
Let l(g) = -2*g - 7. Let y be l(-5). Let x be -14*2*y/6. Let z = -12 - x. What is the greatest common factor of z and 4?
2
Let k = -2937 + 2940. Let s(a) = 14*a**2 + a. Let d be s(1). What is the greatest common divisor of d and k?
3
Let r be (-2 - -37)/(5/2). What is the highest common divisor of 70 and r?
14
Suppose 19*w - 799 = 2*w. Calculate the highest common factor of 47 and w.
47
Let h be ((-182)/(-4))/((-2)/(-4)). Suppose -d + 63 = 5*s, -4*d - 21 = 238*s - 239*s. Calculate the greatest common divisor of h and s.
13
Let h(q) = q**2 - 5*q. Let u be h(9). Let a = 6 - -18. Calculate the greatest common factor of u and a.
12
Let i(o) = 93*o + 3970. Let j be i(-42). Let t be (-2)/5 + (-802)/(-5). What is the greatest common divisor of t and j?
32
Let u(y) = y + 21. Let i be u(-17). Let c = 0 + 0. Suppose 3*h = -g + i*g - 114, c = -g - 2*h + 41. Calculate the greatest common divisor of g and 13.
13
Let q = 151 - 18. Let k(h) = h**3 - 3*h**2 - 9*h + 1. Let c be k(5). Let d(f) = 6*f - 17. Let l be d(c). What is the greatest common factor of q and l?
19
Let m(o) = -4*o**3 + 25*o**2 + 13*o - 45. Let a be m(6). Let y = 30 - 7. What is the highest common divisor of a and y?
23
Suppose -210 = -5*i - 2*z, 0*z = 4*i + 4*z - 156. Let h = i - 114. Let p be (-10)/55 + h/(-22). Calculate the highest common factor of 21 and p.
3
Suppose 3*a = -4 + 169. Calculate the greatest common factor of 275 and a.
55
Let d be 48/26 - (-12)/78. Let l be d + 39 + -2 + 5. Calculate the greatest common divisor of 4 and l.
4
Let y(m) = m**2 - 17*m + 95. Let f be y(7). Suppose 0 = 2*a - a - 50. What is the greatest common divisor of a and f?
25
Let s be ((-6)/(-7))/(279/10416). What is the highest common factor of 88 and s?
8
Let n = 5 - -13. Suppose -15 = -o + 39. What is the highest common factor of n and o?
18
Suppose -4*j + 2*t + 26 = -0*j, -t - 5 = 0. What is the greatest common divisor of j and 134?
2
Let y(t) = -2*t**2 - 12*t + 36. Let u(r) = r**2 - r. Let w(a) = -3*u(a) - y(a). Let o be w(9). Calculate the highest common factor of o and 54.
18
Let x = 44 + -42. Suppose 7*a + 3*i - 91 = 2*a, x*a - 49 = 3*i. What is the highest common divisor of a and 25?
5
Suppose -4*b + 8*t + 1580 = 3*t, 20 = -5*t. What is the highest common divisor of 20 and b?
10
Let m be -7*-1*(-4)/(-14). Suppose m*l + 86 = 5*l - 2*b, -33 = -l + 5*b. Let n = 11 - 4. Calculate the highest common factor of l and n.
7
Let w = 18 - 14. Suppose -5*p = r - 0*r - 178, w*p + 4*r - 152 = 0. What is the greatest common factor of 70 and p?
35
Suppose 5*u = -s + 1556, -5*u - 5*s + 2*s = -1548. What is the highest common divisor of 39 and u?
39
Let s be ((-6)/4)/(-3 - 3924/(-1320)). Calculate the greatest common divisor of s and 15.
5
Suppose 3*x - 448 = 5*x. Let s be 10/4*x/(-40). What is the highest common divisor of s and 14?
14
Let u(j) = j**2 + 13*j + 34. Let m be u(-10). Suppose -4*h + 181 = -n - 86, -m*n = 2*h - 120. Calculate the highest common factor of h and 